.
5
Let a(d) = -d**2 - 7*d + 203. What is the remainder when 94 is divided by a(11)?
4
Let z(o) = -3*o**3 + 9*o**2 + 14*o + 13. What is the remainder when z(-3) is divided by 8?
5
Suppose -2*p - 2*p - 5*a = -13, 16 = 3*p + 5*a. Let k(l) = -65*l - 42*l + 3*l**2 + 110*l + 1. What is the remainder when 75 is divided by k(p)?
18
Let v(b) = -8*b - 217. Let u = 84 - 41. Calculate the remainder when u is divided by v(-30).
20
Calculate the remainder when 146 is divided by (-2)/16*-632 + 4 + 1.
62
Let y(f) be the first derivative of -2*f**3/3 - 25*f**2/2 - 22*f + 8. Let g = 6 - 3. What is the remainder when y(-11) is divided by g?
2
Suppose -176 - 1984 = -60*u. Calculate the remainder when 196 is divided by u.
16
Suppose 151 = 3*q - 29. Calculate the remainder when q is divided by 30.
0
Let n(d) = 5*d + 11. Let i be n(10). Suppose s + i = 4*s + 2*k, k - 5 = 0. Let l = 116 - 110. What is the remainder when s is divided by l?
5
Let t be (-1128)/(-40) - ((-4)/5 - -1). Suppose 0 = -30*l + t*l + 16. Calculate the remainder when 36 is divided by l.
4
Let y = 403 - 392. Suppose -2*q + 7*q + m = 149, -26 = -q - 4*m. What is the remainder when q is divided by y?
8
Let b(t) = 7*t**3 + t**2 - t - 3. Let i(f) = 575*f + 1774. Calculate the remainder when b(3) is divided by i(-3).
45
Suppose 0 = -5*j + 7 + 8. Suppose -2*d + 54 = o, -7*o + j*o = d - 41. Let g = d - 14. What is the remainder when 20 is divided by g?
9
What is the remainder when 254 is divided by 22814/357 - (-8)/84?
62
Let x = -186 - -79. Let m = -66 - x. Calculate the remainder when 245 is divided by m.
40
Suppose -5 = 3*s + 1. Calculate the remainder when ((-2)/4)/(1/(-118)) is divided by 903/63 + s/(-3).
14
Let y(c) = 31*c - 99. Calculate the remainder when 68 is divided by y(4).
18
Suppose 4*t = -5*s + 39, 0 = -t + s + 1 + 2. Let i(b) = -10*b + 27. Calculate the remainder when i(0) is divided by t.
3
Suppose 10*t - 14*t + 1140 = 0. What is the remainder when t is divided by 24?
21
Let b be 3/(-7) + (-100)/175. Let z(j) = -27*j**3 + j. What is the remainder when 152 is divided by z(b)?
22
Let j(d) = d**3 - 18*d**2 - 2*d + 56. Suppose -2*g = -0*g - 76. Calculate the remainder when g is divided by j(18).
18
Suppose w + 8 = 5. Let s = 27 + 9. What is the remainder when s is divided by (-111)/(-9) + (-2)/w?
10
Let s = 10 + 2. Suppose 0 = 3*y - s, -y - 2*y = -5*t + 283. Let w(d) = -2*d**3 - 16*d**2 + 12*d + 106. What is the remainder when t is divided by w(-8)?
9
Let t(q) = -11*q**3 + 3*q**2 - 5*q - 25. Let g(v) = -5*v**3 + v**2 - 2*v - 12. Let u(n) = -13*g(n) + 6*t(n). What is the remainder when 22 is divided by u(3)?
10
Let w(v) = -79*v**2 - 10 - 80*v**2 - v**3 + 162*v**2 + 13*v. What is the remainder when 14 is divided by w(5)?
4
Suppose 0 = s + 11 + 16. Let v = 69 + s. Suppose v*h - 45*h = -135. What is the remainder when h is divided by 16?
13
Let o(u) = -u + 3*u - 3*u - 19*u**2 + u**3 + 22 + 0*u**3. Calculate the remainder when 12 is divided by o(19).
0
Let c = 5 + 8. Suppose 0 = -24*s + 235 + 941. Calculate the remainder when s is divided by c.
10
Calculate the remainder when 7 - (-5)/10*0 is divided by 2/14 + (-19)/(133/(-20)).
1
Suppose 19*p - 312 - 5445 = 0. What is the remainder when p is divided by 77?
72
Calculate the remainder when ((-8)/10)/(-2) + (-2306)/(-10) is divided by 39.
36
Suppose 2*h = 21 + 15. Suppose -213 - 93 = -h*x. What is the remainder when x is divided by 3?
2
Suppose -4*f + 110 + 502 = 0. Calculate the remainder when f is divided by 22.
21
Suppose 64*g - 1296 = 37*g. What is the remainder when 148 is divided by g?
4
Let g(o) = o**2 + 6. Suppose -53 = 4*t - 2*t + k, 2*t + 50 = 2*k. Let s = 54 + t. What is the remainder when s is divided by g(2)?
8
Suppose -5*d - 5*i + 575 = -0*i, 0 = -5*i - 25. What is the remainder when d is divided by 32?
24
Let s be 4/5 + 27/(-15). Let h be 66 - (-1 + (s - 2)). Let u = h + -39. Calculate the remainder when 91 is divided by u.
29
What is the remainder when 71 is divided by (10/12)/5 + (-6292)/(-264)?
23
Let w = 229 + -176. What is the remainder when w is divided by 9?
8
Let t = 28 + 36. Suppose 5*j - 81 = t. What is the remainder when j is divided by ((-155)/62)/((-2)/((-16)/(-2)))?
9
Let f = 962 - 838. What is the remainder when 238 is divided by f?
114
Let a = -70 - -152. What is the remainder when 322 is divided by a?
76
Let p = 12 - -9. What is the remainder when p is divided by ((-12)/(-10))/((-1)/(-10))?
9
Let d = 290 - 204. Suppose 5*n - 41 = -2*k + 81, n + 3*k = 40. Calculate the remainder when d is divided by n.
20
Suppose 5*c - 95 + 20 = 0. Let j = -8 + 17. What is the remainder when c is divided by j?
6
Suppose -4*f + 5*d = -47, -2*f - 3*d + 55 = 2*f. Calculate the remainder when (-9)/6*-2*(56/42 - -15) is divided by f.
10
Let u be 136/3*(-1 + 33/6). Let p = u - 98. Calculate the remainder when p is divided by 36.
34
Suppose -5*l = -2*l. Suppose l = -h, -3*f - 5*h = -f - 36. What is the remainder when 1 + (1 - 2) + 52 is divided by f?
16
Suppose -20*h = -23*h + 48. Calculate the remainder when 28 is divided by h.
12
Let w = 11 + -6. Let n(t) = -t**2 + 22*t + 26. Calculate the remainder when w is divided by n(23).
2
Let l = 42 + -40. Suppose -130 = -4*m + l*r, -2*m - 3*m = 3*r - 190. Calculate the remainder when m is divided by 19.
16
Let d(g) = -g**2 - 16*g - 8. What is the remainder when (-8)/(-28) + (-124)/(-7) is divided by d(-15)?
4
Let a = 1093 + -577. What is the remainder when a is divided by 14?
12
Let x = -19 - -555. Calculate the remainder when x is divided by 178.
2
Suppose 0 = b + 2*m - 58, 2*m + 206 + 56 = 4*b. Calculate the remainder when b is divided by (57/(-76) + -2)*(-12)/3.
9
Suppose 0 = -3*s - 12, 0 = j - 3*j - 4*s + 158. Calculate the remainder when j is divided by 15.
12
Calculate the remainder when 43 is divided by (-12 - (11 + -27))/(12/9).
1
Let p be (51/(-18))/(2/(-12)). Let n = p + -7. Let a = n + 13. Calculate the remainder when 66 is divided by a.
20
Calculate the remainder when (-3)/(-6)*(8/(-4) - -82) is divided by 16.
8
Let r(y) = -2*y**2 - y - 25. Let s(n) = 3*n**2 + n + 26. Let q(h) = -4*r(h) - 3*s(h). What is the remainder when q(0) is divided by 6?
4
Let u be (-3)/6 + 33/6 + -1. Suppose 219 = u*t - t. What is the remainder when t is divided by 38?
35
Let v be (4/(-12))/(5/(-45)). Let o(r) = r**3 - r**2 - r - 7. Calculate the remainder when o(v) is divided by 6.
2
Let a = 14 + -4. Suppose u = m - 6, -2*u + 0*u = m + 3. Calculate the remainder when 9/m*84/9 is divided by a.
8
Let o(n) = -5 - 2*n + 3*n - 4*n**2 - 3*n**2 + 9*n**2. Let f(u) = -14*u. What is the remainder when o(-5) is divided by f(-1)?
12
What is the remainder when (-38)/(-6*(-4)/(-12)) is divided by 10?
9
Calculate the remainder when 140 is divided by (-69)/2*(0 - 8/6).
2
Let j(y) = 2*y**2 + 4*y - 10. Suppose -3*q - 3 = 2*l + l, -15 = -3*l + 3*q. Calculate the remainder when 15 is divided by j(l).
3
Let k(j) = -j**2 + 13*j - 4. Let n be k(11). Suppose 0 = 3*p + 3*c + n - 534, -359 = -2*p - 5*c. What is the remainder when (-6)/(-10) - p/(-5) is divided by 9?
7
Let u = -475 + 507. Calculate the remainder when 286 is divided by u.
30
Suppose 8*r = 1765 + 3475. Calculate the remainder when r is divided by 73.
71
Let z = 101 - 102. Suppose 4*w = -w - 3*l + 254, -w - 3*l = -58. What is the remainder when w is divided by (-4 + z*21)/(1/(-1))?
24
Let f = -309 - -333. What is the remainder when 333 is divided by f?
21
Suppose -5 = -n + b + 18, -3*b = 0. Let z(j) = -3*j + 13. What is the remainder when n is divided by z(0)?
10
Suppose -15 = -3*p + 57. Suppose 0 = 27*s + 34*s + 61. Let b = s + p. Calculate the remainder when b is divided by 13.
10
Suppose 4*x + 36 = -8*x. Let w(z) = -2*z**2 + z - 1. Let n be w(1). What is the remainder when 13 is divided by (x - 7/n)*14?
6
Let p = 209 + -207. Calculate the remainder when 6 is divided by p.
0
What is the remainder when (3 - 16)/13*(-760)/2 is divided by 77?
72
Let g be 80/14 - 8/(-28). Suppose 2*x - g*b - 40 = -4*b, 3*b - 15 = -2*x. What is the remainder when 59 is divided by x?
14
Let k(r) = r**2 + 14*r - 19. Suppose n + 0*n - 6 = 0. Suppose 4*o + 5*m = -84, 5*o = n*m - 3*m - 68. Calculate the remainder when k(o) is divided by 7.
6
Suppose -6 = 3*j - 5*r - 22, -52 = -5*j + 2*r. Supp